3*c. Calculate the greatest common divisor of j and 336.
56
Let t = 86 - 100. Let u(r) = r**2 + 14*r + 36. Let x be u(t). Calculate the greatest common divisor of 18 and x.
18
Let m = -43 + 77. Let p = -24 + m. Calculate the greatest common factor of 15 and p.
5
Let k(l) = -l**2 + 7*l - 1. Let q be k(4). Let s = 13 + -2. What is the highest common factor of q and s?
11
Let o(c) = -c**2 + 6*c - 7. Let b be 1 + 7 - -2 - 3. Let k be o(b). Let x = 28 + k. Calculate the highest common divisor of 98 and x.
14
Let r be 2/2*-1 - -11. Let s = 53 - 45. Suppose 0 = -s*z + 4*z + 5*f + 30, -28 = -2*z - 4*f. Calculate the highest common divisor of r and z.
10
Let h be 2/(-3) - (5 - 644/12). What is the greatest common divisor of h and 3?
3
Let w = 686 + -684. What is the highest common divisor of w and 7?
1
Let o(z) be the third derivative of z**6/120 + z**5/60 + z**4/8 + z**3/2 + 15*z**2. Let d be o(0). Calculate the greatest common divisor of 3 and d.
3
Suppose 27*v = 36*v - 45. Calculate the highest common divisor of 445 and v.
5
Let p = -16 - 0. Let h = p - -31. Let w = 154 - -11. What is the greatest common divisor of h and w?
15
Let v be 77/2 - 3/2. Let f be (-11 + 16 - (4 - 1)) + v. Calculate the highest common divisor of 26 and f.
13
Suppose -54 = -4*y - 0*y + n, -64 = -4*y - 4*n. Let p = -85 - -127. Calculate the greatest common divisor of y and p.
14
Let s be ((-4)/12)/((-294)/72 + 4). What is the highest common factor of s and 98?
2
Let c be (-24)/20*(-15)/(-6). Let y be (-34)/(-3) + 3 - 2/c. What is the greatest common factor of y and 30?
15
Suppose s = -s - 3*d + 2605, 0 = 5*s + 3*d - 6499. What is the greatest common divisor of 22 and s?
22
Let j be (3 + -3 - 1)*0. Suppose j*o - 2*o - 7 = -3*h, 2*h = 2*o + 2. Let t(l) = 9*l - 3. Let f be t(o). Calculate the greatest common divisor of 3 and f.
3
Let l(o) = o + 8. Let v be l(2). Suppose 2*j + 120 = 4*b - v, -b + 4*j = -50. What is the greatest common divisor of b and 120?
30
Let y be 49 - (-3 - (3 - 9)). Calculate the greatest common divisor of y and 69.
23
Let f be ((-2)/12*-2)/(5/(-75)). Let b be (4 - (-26)/f)*(1 + -21). Calculate the highest common divisor of b and 48.
24
Let x be (-95)/35 + (-2)/7. Let m be ((-24)/(-15))/(x/(-15)). Let u = 41 + -40. Calculate the greatest common factor of m and u.
1
Let t be -5*(4/(-10) + 0). Let h be ((-62)/22 + 1)*(-88)/16. Calculate the highest common divisor of t and h.
2
Let t be 10 - 1 - (-38 + 33). Calculate the greatest common divisor of 350 and t.
14
Suppose -59 - 2460 = -11*z. Suppose -z = -3*r + 95. What is the greatest common divisor of 81 and r?
27
Suppose 6 = -l + 28. Let a(r) = r**2 + 15*r + 32. Let y be a(-17). Calculate the greatest common divisor of y and l.
22
Let u = 165 - 75. Let a = u + -72. Calculate the greatest common divisor of 126 and a.
18
Let q(v) = 11*v**2 + 10*v - 24. Let g be q(4). What is the greatest common divisor of g and 12?
12
Suppose 3*f - 3*r = -15, 5*r = -2*f + 4*f + 25. Let k be (-2)/(-3) + (322/3 - f). Suppose 2*g - 36 = -0*g. Calculate the highest common factor of k and g.
18
Suppose -6*n = -476 + 26. Suppose 3*u = 3, 5*p + 4*u - 140 = 489. Let y = p - n. What is the greatest common factor of 10 and y?
10
Let a be 7 + (-1112)/(-16) + 1/2. Calculate the highest common divisor of 77 and a.
77
Let p = 40 + -6. Suppose 6 = 3*t - 3. Suppose 3*m - 264 = t*k, 2*m - 112 = -k + 55. Calculate the greatest common factor of p and m.
17
Let n = -19 - -12. Suppose -2*p - 5*j - 8 = 2*p, -5*j = 5*p + 10. Let k = p - n. What is the greatest common factor of 35 and k?
5
Let u = 124 - 74. Let n(q) = -16*q**3 + 2*q + 1. Let x be n(-2). Calculate the highest common divisor of x and u.
25
Let s be 14 + (-2*1 - -1). Let z(d) = 3*d**2 - 15*d + 10. Suppose 120*h + 35 = 125*h. Let j be z(h). What is the greatest common factor of s and j?
13
Let u(h) = h**3 - 19*h**2 - 18*h - 16. Let g be u(20). Suppose 9 = 5*l + 84. Let v be 10/3*(-72)/l. Calculate the greatest common factor of v and g.
8
Let z be 1/((-7)/(-21)) - -7*15. Calculate the greatest common divisor of z and 108.
108
Suppose 135 = 616*t - 613*t. Calculate the greatest common factor of t and 1395.
45
Let g be -21 - (2 + -6 + 1). Let c be ((-8)/(-10))/(g/225). Let m be (22/(-2))/(2/c). Calculate the greatest common factor of 11 and m.
11
Suppose -4*v + 31 = -3*r - 0, 5*r = v - 29. Let q = -5513 - -5519. What is the greatest common divisor of q and v?
2
Let q(c) = -c**3 - 18*c**2 - 57*c + 22. Let t be q(-14). Suppose 2*s = -4*v - 0*s + 100, 2*s = -5*v + 124. Calculate the greatest common divisor of v and t.
12
Suppose 4*i - 72 = -z, -z - 3*z = 3*i - 223. Calculate the highest common divisor of z and 208.
52
Suppose -6*p + 2*p + 1388 = 0. Suppose -808 = -7*i + p. What is the highest common factor of 66 and i?
33
Let w = 1150 - 1118. What is the greatest common divisor of 4 and w?
4
Suppose 2*o = 3*r + 70, -4*r - 1 - 139 = -4*o. Let w = o + -29. Let g(d) = 5*d**3 + d**2 - 2. Let i be g(2). Calculate the highest common divisor of i and w.
6
Suppose 0 = -8*s + 245 + 427. Calculate the highest common divisor of 126 and s.
42
Let z(m) = 5*m + 10. Suppose -s = 3*w + 16, 0 = 5*w - 0*s - 2*s + 34. Let n be z(w). Let l = n - -55. Calculate the highest common factor of l and 7.
7
Let j(t) = 2*t**2 - 49*t - 61. Let s be j(27). What is the highest common divisor of 185 and s?
37
Suppose 2*b = -4*w + 20, -2*w = -2*b - 0*w + 14. Calculate the highest common divisor of b and 1424.
8
Suppose -2*s - 5*p = 3*s - 30, p - 12 = -3*s. Let w be 15 - 14 - (0 - s). Let i be 12/w + -1 - -26. What is the highest common divisor of i and 7?
7
Let a = -15 + 11. Let h be 10 - (-1 - (a + 3)). Let m be h*-3*(-1)/2. Calculate the greatest common factor of m and 15.
15
Let n be 1/(1/(-4)*2/(-18)). Suppose 2*h - 3*h - 3*w + 34 = 0, 4*w - n = -h. Calculate the greatest common factor of h and 224.
28
Suppose 5*q - 4*w + 35 = 0, -2*q + 6 + 13 = 5*w. Let o be (q - (-38 + 2)) + -1. Calculate the highest common divisor of o and 224.
32
Let n be (-29)/(-145) - (-2097)/15. What is the greatest common factor of 40 and n?
20
Let m = 29 + -50. Let x(b) = -b**2 - 24*b + 51. Let s be x(m). Calculate the greatest common divisor of s and 57.
57
Suppose 28 = 4*n - 0*n. Let l be 2/(-7) - 12/n. Let j be (1 - l)/((-4)/(-40)). What is the greatest common divisor of 10 and j?
10
Let h(v) = 3*v - 4. Let q be h(5). Let u be 23 - (12/4)/(-3). Suppose -2*r + u - 2 = 0. Calculate the highest common divisor of r and q.
11
Let b be 12/5 - 4/10. Suppose 2*k + 2*k - 9 = c, 2*k - 27 = 5*c. Suppose -14 = -4*a - b*p, -a - k + 6 = 2*p. Calculate the highest common factor of a and 3.
3
Let d(o) = 14*o**2 + 19*o + 33. Let n be d(-2). What is the greatest common divisor of n and 357?
51
Suppose 12*b = 409 - 109. Let j be 176 - (-2 - (-2 - 1)). What is the highest common divisor of b and j?
25
Let b = -412 + 888. Calculate the highest common factor of 28 and b.
28
Suppose 226*m - 228*m - 84 = -4*q, 3*m = 3*q - 66. Let n = 73 + 7. Calculate the highest common divisor of q and n.
20
Let u = 470 - 393. What is the greatest common factor of 56 and u?
7
Let k = 1079 + -799. Calculate the highest common divisor of 10 and k.
10
Let r(a) = 4*a**2 + 47*a + 21. Let b be r(10). What is the greatest common factor of 33 and b?
33
Suppose g + 3*g - 5*j = -63, 5*g = 5*j - 75. Let b be (22*-1)/(-1 + -1). Let s = b - g. Calculate the greatest common factor of s and 46.
23
Let v be 276/8*8/4. Calculate the highest common divisor of 621 and v.
69
Let t be 7*((-15)/(-7) + -3). Let u(x) = x**3 + 9*x**2 + 9*x. Let a be u(-8). Let v = t - a. Calculate the greatest common factor of 10 and v.
2
Let x(p) = -p + 3. Let g be x(0). Suppose z = 2*h - 1, z - g = 5*h - 10. Suppose h = v - 9. Calculate the highest common factor of v and 121.
11
Suppose -7 = s + 69. Let y be s/(-8) + (-6)/(-12). Let z = 16 + 34. What is the greatest common factor of y and z?
10
Suppose -46*y = -51*y + 190. Suppose -6*z + y = -100. What is the greatest common factor of z and 161?
23
Let q(c) = -c**2 - 15*c - 21. Let r be q(-7). Let l be ((-450)/r)/((-2)/14). Calculate the greatest common factor of l and 10.
10
Let j(s) = -10*s**3 + 4*s**2 - 15*s - 27. Let w be j(-2). What is the highest common divisor of